(y) = -6*y**3 - 29*y**2 + 6*y + 3. Let t(n) = -2*n**3 - 12*n**2 + 3*n. Let i(o) = -8*t(o) + 3*w(o). What is i(4)?
1
Let s(i) be the second derivative of i**5/20 + i**4/12 + i**3/3 - i**2/2 + 7552*i. Let o(h) = h + 3. Let y be o(-5). Calculate s(y).
-9
Let j = -967 - -939. Let u be 4/j*(-112)/8. Let m(s) = -2*s**2 - 2*s + 1. Calculate m(u).
-11
Suppose -9 = -3*c - 0. Suppose -2 = c*m + 7. Let d(g) = -9*g**2 - 6*g**2 - 4 + 37*g**2 + 3*g - 15*g**2 - 6*g**2. Determine d(m).
-4
Let w(b) = -7*b - 5. Let g be 14 - (-10 - -10) - 10. What is w(g)?
-33
Let j = -154 + -13. Let d = -175 - j. Let m(g) = -g**3 - 9*g**2 - 7*g + 3. Calculate m(d).
-5
Let n(f) = -9 - 67*f + 54*f + 4 + 0*f**2 - 38 + f**2. Give n(18).
47
Let t(v) = -v**2 - 15*v - 39. Suppose -8*x - 6*x + 29*x + 180 = 0. Calculate t(x).
-3
Let b(x) = -10 - 4679*x + 2*x**2 + 4667*x + 0 + 6. Determine b(5).
-14
Let q(r) = 3*r**3 - 144*r**2 + 3*r - 147. Let j be (-43656)/(-963)*36/34. What is q(j)?
-3
Let n be 783/11 - 13/(-858)*-12. Suppose -6*z + 17 = n. Let k(g) be the second derivative of g**3/6 + 11*g**2/2 - 2*g. Calculate k(z).
2
Let q(m) be the second derivative of -5*m**3/6 + 215*m**2/2 - 13*m + 16. Calculate q(43).
0
Suppose -14*a = -42 - 70. Suppose -c = 5*z - 84, -3*z + 4*c = -0*c - 32. Suppose 0 = -20*p + z*p + a. Let y(x) = -2*x**3 - 2*x**2 + 3*x - 2. Determine y(p).
-20
Let v(c) = c**2 - 18*c + 14. Let j(m) = -m**3 + 7*m**2 + 12*m - 15. Suppose 4*q + 3*y - 29 - 18 = 0, 4*q + 4*y = 52. Let h be j(q). What is v(h)?
-3
Let v(q) = 8*q**2 + 50*q - 7. Let r be v(-9). Let f(m) = 197*m + 6 - 386*m + r*m. Give f(-4).
-2
Let c(o) = -2*o**2 - 16*o + 3. Let f(z) = 6*z**2 - 15*z - 3. Let w be f(4). Let u be (-946)/121 - (72/w + -2). Calculate c(u).
3
Let l(z) = -14*z - 17. Let i be (((-36)/(-21))/(-1))/(4*4/(-56)). What is l(i)?
-101
Let f(a) = a**3 - 6*a**2 - 5*a - 10. Suppose 6*x = 2*x - 20. Let z(r) = 2*r + 7. Let h be z(x). Let o = 4 - h. Give f(o).
4
Let u(a) = -18*a + 5. Let k = 6503 - 6497. Give u(k).
-103
Let j(v) be the second derivative of -19*v**4/12 - v**3/6 - v**2/2 + v. Let o be ((-2)/6)/(30/180). Let i be (-2*(-1)/(-4))/(o/(-4)). Determine j(i).
-19
Let d(w) = w**3 - 11*w**2 - 10*w + 23. Let x be d(12). Suppose 3*f - x + 65 = 0. Let c(l) = -l**2 - 3*l + 1. Calculate c(f).
-17
Suppose -1 = 17*a - 188. Suppose 0 = -a*p - 52 - 25. Let b(m) = -3*m - 3. Calculate b(p).
18
Let m = 22 - 21. Let p = m + 2. Let i(h) = 2*h. Let c(a) = a**3 - 3*a**2 - 7*a - 1. Let d(t) = -c(t) - 2*i(t). Give d(p).
10
Let w(r) = -r**2 - 8*r - 8. Let p(t) = 3*t**3 - t**2 - 3. Let j be p(2). Suppose -3*a - 20 = q, -j*a + 14*a = -4*q + 25. Determine w(a).
-1
Suppose -3*v + 10 = 3*o - 2*v, 3*v = 2*o - 3. Suppose -o*y = -5*y - 14. Let b(w) = -w**3 - 11*w**2 + 18*w**2 + 3 + 2*w**3. Calculate b(y).
3
Suppose -3*q = -0*q - 6. Let o(t) = -2*t**2 + t + 3*t**2 - 2*t**q + 1. Suppose 105*u - 5 = 102*u + 4*r, 3*u + 13 = -5*r. Give o(u).
-1
Let l(w) be the third derivative of w**6/120 - w**5/60 + 7*w**3/6 - w**2 - 552. Suppose b = 4*b. Determine l(b).
7
Let q(f) = 38 + 25 - 13 - 3*f**2 - 17*f. Let u(b) = -b**2 - 9*b + 24. Let z(v) = 2*q(v) - 5*u(v). Calculate z(10).
-10
Let l(x) = -2*x - 12. Let c be l(-4). Let g be 2 + (7 - 4) - 1. Let r(m) = -2*m + 1. Let a(k) = -2*k**2 - 12*k + 5. Let o(t) = g*r(t) - a(t). Determine o(c).
15
Let d(r) = -r**2 + 6*r + 57. Let y be d(11). Let n(v) = 8*v**y - 108 + 107 - v**3 + 2*v**3. What is n(-8)?
-1
Suppose 10*c - 105 - 255 = 0. Let k(v) = -v**2 + 10*v + c + 32 - 79. Determine k(9).
-2
Let m(q) be the second derivative of -2*q**3/3 + 4*q**2 - 44342*q. Suppose -4*x + 4*k + 2 = -2, 5 = k. Determine m(x).
-16
Let d(w) = -2*w**2 - 202*w - 1. Let o(g) = -g**2 - 51*g - 1. Let b(p) = -d(p) + 4*o(p). Calculate b(-2).
-7
Suppose 5*k - 1 = 19, 5*k = -4*q - 2392. Let g = q - -593. Let x(m) = m + 15. What is x(g)?
5
Suppose f - 41 = -2*b, -198*f + 71 = 2*b - 203*f. Let g(c) = -c**2 + 21*c + 28. Give g(b).
-18
Let m = -406 + 447. Suppose 3*l = 6*o - 10*o - m, 18 = l - 5*o. Let c(k) = 3*k + 17. What is c(l)?
-4
Let s(q) = -q**3 - 7*q**2 + q + 3. Let l be 0 - ((-15)/(-5) - 22). Suppose -l*b + 45 = -16*b. Suppose -5*r - b = 20. What is s(r)?
-4
Let x(m) = -12*m**2 - 2*m - 3. Let n be x(2). Let u be 22/n - 12/(-5). Let h(b) = 5*b + 5*b - 11*b - 7*b**u. What is h(-1)?
-6
Suppose 5*q = 3*m + 47, -14*m + 4*q = -13*m + 32. Let j(o) = -o**2 - 6*o - 5. Determine j(m).
3
Let v(z) = -z**2 - 12*z + 116. Let n be v(-18). Let o(q) = n + 5*q**2 + 3*q - 6*q**2 + 4*q. What is o(8)?
0
Let u(s) = 32*s + 333. Let y be u(-10). Let z(x) = -x**3 + 12*x**2 + 14*x - 30. Determine z(y).
-17
Let x be (-4 + 16)/(-4) + 5*188. Let n be 42/(-14)*(-1)/((-6)/(-4)). Let y(w) = -x*w**3 + 936*w**3 + w**2 - w**n + w**2 + 2*w + 1. Give y(2).
1
Let u(q) = -q**3 + 4*q**2 + 7*q - 5. Suppose -2586 = -4*p - 922. Suppose -426 = -2*t - p. Calculate u(t).
5
Let h(o) = o**3 - 20*o**2 + 11. Let r(x) = 4*x**3 - 80*x**2 + 44. Let m(p) = -23*h(p) + 6*r(p). What is m(20)?
11
Let v(i) = -4*i**2 - 26*i - 181. Let w(l) = -3*l**2 - 23*l - 176. Let o(f) = 4*v(f) - 5*w(f). Give o(19).
4
Let k(z) = 2 + 1 - 196*z + 93*z + 89*z + 15*z. Let m be (-46)/6 + 2/3. Let x(d) = d**2 + 8*d + 2. Let l be x(m). Determine k(l).
-2
Let y(d) = -3*d - 5. Let q(i) = -6*i**2 - i**2 - 159*i + 1 - 5*i**3 + 6*i**3 + 151*i. Let c be q(6). Let r = c - -75. Give y(r).
19
Let z(v) = v**2 + 4*v - 2. Let f(x) = x**2 - 18*x + 39. Let s(l) = 15*l**3 - l**2 + 3*l - 2. Let i be s(1). Let a be f(i). Determine z(a).
10
Let f be (-1)/7 - 2223/(-273). Let t(r) = -4*r - 5*r + 1 + 6*r**2 + 0*r**2 - 5*r**2. Calculate t(f).
-7
Let h(n) be the second derivative of n**6/120 + n**5/20 + 3*n**2/2 - 3*n - 2. Let a(d) be the first derivative of h(d). Give a(-3).
0
Let t(x) = 2*x**3 - 9*x**2 + 6*x - 13. Suppose 2*r - 46*l + 48*l - 4 = 0, 0 = 2*r - l - 10. What is t(r)?
-5
Let h(t) = -19*t + 9. Let b(w) = -28*w + 14. Let l(n) = -5*b(n) + 7*h(n). Let x be 12 - 0 - (-2 + 6). Determine l(x).
49
Let g(q) = 25*q + 8874*q**2 - 43 - 8871*q**2 - 11 + 2. Calculate g(-10).
-2
Let i(s) = -29*s + 1. Let q(c) = -c**2 + 81*c - 379. Let y be q(76). What is i(y)?
-28
Let y(p) be the first derivative of p**3/3 + 4*p**2 - 11*p - 1864. Determine y(-8).
-11
Let o(b) = -b**2 + 3*b + 3. Let m = -21 - -23. Let j be (m/(-7))/((-730)/(-105) - 7). Calculate o(j).
-15
Let r = -88 - -91. Let z(s) = -4*s**3 - 5*s**3 - 6*s + 4 + 15*s**r - 7*s**3 - 6*s**2. Determine z(-5).
9
Let n be ((-105)/(-14))/((-2)/(-8)). Suppose 3*a + 2*a + n = 0. Let l(s) = -2*s + 8*s - 3*s - s + 8. Give l(a).
-4
Let w(n) = 28*n - 9 - 15*n + 21 - 17*n - 6. Calculate w(-5).
26
Let h(s) = s**2 - s + 1. Let c be (27 + (-5 - -2))*13/26. Suppose j - a = 3*a - 22, -4*a = 4*j - c. Calculate h(j).
7
Let y(u) = -20*u + 2. Let f = -63 - -68. Let c(q) = 23*q - 2. Let n(m) = f*c(m) + 6*y(m). Give n(-1).
7
Let f(j) = -3*j**2 + 4. Let a(u) = -15 - 5 + 19. Let s(g) = -5*a(g) - f(g). Suppose -2*w = -0*w - 2. Give s(w).
4
Let b(q) = 46 + 3*q - 45 - 4*q**3 + q**2 + 5*q**3. Let y be b(0). Let k(x) = -31*x - 1. Determine k(y).
-32
Let m be (-441)/(-84) - (-2)/(-24)*3. Let k(o) = 0 + 8 - o + m - 8. Determine k(4).
1
Let x = -1 + 13. Let v(i) = -4 - 4 - 4*i**2 + 3*i**2 + x*i. Suppose 2*h = -3*h + 2*f + 43, 3*h - 26 = f. Determine v(h).
19
Suppose 13*v - 27*u = -29*u + 176, -u = -2*v + 31. Let p(c) = 7*c**2 - 19*c - 8. Let o(j) = -6*j**2 + 18*j + 9. Let h(m) = -6*o(m) - 5*p(m). Give h(v).
0
Let q(w) = w**3 - 19*w**2 + 35*w - 21. Let z be q(17). Let h(d) = -d**2 - 4*d + 4. What is h(z)?
4
Suppose -184*j - 72 = -208*j. Let z(d) be the first derivative of -d**4/4 + 2*d**3/3 + 3*d + 1. Let r be z(j). Let s(f) = -f**3 - 6*f**2 + 2*f + 9. Give s(r).
-3
Let n(x) = x**2 + x - 11. Let v(b) = -b**3 + 9*b**2 + 60*b - 108. Let p be v(13). What is n(p)?
1
Let y(h) = h**3 + 5*h**2 + h - 2. Let o(s) = -8*s - 3. Let l be o(5). Let c be (-5 + 46)*(-17)/17. Let z = l - c. Calculate y(z).
8
Suppose 4*z + 1 = -15. Let h(y) be the third derivative of -y**5/120 - y**4/6 + 79*y**3/6 - y**2 - 12*y. Let c(a) be the first derivative of h(a). What is c(z)?
0
Let f be 3/4 + 1/4. Let y(b) = 3*b**3 - 16*b**2 + 7*b - 40. Let j(k) = 2*k**3 - 7*k**2 + 3*k - 17. Let p(o) = 7*j(o) - 3*y(o). Determine p(f).
5
Let j(c)